4).
-6
Suppose 3*l + b = 2*b + 443, 3*b - 435 = -3*l. Let h be 6*(l/90 - 12/90). Let z(p) = -h*p - 12*p**2 - 13 + 20*p**2 - 3*p**3 + 4*p**3. Calculate z(-9).
-13
Let r(j) = -j - 2. Let z be r(-2). Let c = -597 - -614. Let h(y) = -3*y - 39 + 3*y**2 + 3*y + c + y - 4*y**2. Determine h(z).
-22
Let o be (-2)/9 + (-280)/(-45). Suppose 5*d + s = 7, 9 = 3*s + 3. Let y(z) = -4*z**2 - 5*z + 2. Let c(u) = u**2. Let b(w) = d*y(w) + 5*c(w). Calculate b(o).
8
Let h be (1166/265)/(2/55). Let a = 117 - h. Let v(j) = j**3 + 4*j**2 + j + 3. Give v(a).
-1
Let l(z) = z**3 + 8*z**2 + 9. Let h be l(-8). Let v(g) be the first derivative of g**3/3 - 11*g**2/2 + 4*g + 2423. What is v(h)?
-14
Let z(w) be the first derivative of -w**3/3 - 3*w**2 + 14*w + 10. Let c be z(-6). Let k be (3/2)/((-7)/c). Let n(s) = -3*s - 1. Calculate n(k).
8
Let w(f) = -2*f - 28. Let x be 1524/138 + (-13)/299. Calculate w(x).
-50
Let f(c) = -85 - 11*c + 121 + 0*c - 32. What is f(-1)?
15
Let y(t) = -3*t + 1. Let d be y(3). Let c(b) = -14*b - 9. Let o(a) = 13*a + 3 + 13*a - 9 - 35*a. Let u(h) = d*o(h) + 5*c(h). What is u(-2)?
-1
Let x(q) = 11*q**2 + 2*q + 29. Let p(s) = -s - 8 + 10*s**2 - 6 - 15*s**2. Suppose -3*d - 8 = 10. Let b(u) = d*x(u) - 13*p(u). Give b(0).
8
Let z(v) = -v - 8. Let b be z(-9). Let p(d) = 87*d + 17. Let y(o) = 42*o + 7. Let q(c) = 2*p(c) - 5*y(c). Give q(b).
-37
Let w(x) = x**3 - 14*x**2 - 3*x - 1. Let p be 13/5 + 4332/380. What is w(p)?
-43
Let k(w) = -3*w**3 + 4*w**2 - 2*w + 3. Let y(n) = -n**3 + n - 1. Suppose 8*f + 4*f = -12. Let m(t) = f*k(t) + 2*y(t). Let a be 2 + 3 + -5 + 4. Determine m(a).
11
Let o(g) = -26*g - 14. Let z(b) = 45*b + 28. Let m(k) = -43*k - 218. Let i be m(-5). Let u(y) = i*z(y) - 5*o(y). Give u(-4).
6
Let q(j) = -267*j + 5879. Let x be q(22). Let d(o) = -2 + 5*o**2 + 2*o**3 + 6 - 3*o**3 - o - 3. Calculate d(x).
-4
Suppose -571 = 3*r - 4*q - 5720, 0 = 3*r - q - 5146. Let m(z) = z**3 - r + 1714 + 0*z**3. Give m(0).
-1
Suppose -5*b - 4*f = -3, -4*b + 21*f - 12 = 17*f. Let r(i) = 29*i**3 + i**2 + 2*i + 1. Determine r(b).
-29
Let z(f) = -f**2 + 15*f - 23. Let s be z(14). Let i(a) = 3*a - 8. Let l(g) = -14*g + 34. Let h(n) = s*i(n) - 2*l(n). Calculate h(-8).
-4
Let g(d) be the first derivative of -5*d**2 + 19*d - 7324. What is g(6)?
-41
Let d(g) = g**2 + 9*g - 7. Suppose 4*q = 4*m + 7*q + 20, 3*m + 5*q + 15 = 0. Calculate d(m).
-27
Let w(k) be the third derivative of -k**5/20 + k**4/2 + k**3 + 20*k**2 + 2*k + 33. Determine w(7).
-57
Let f(s) = 27*s**3 + 5*s**2 + 6*s + 8. Let x(c) = 23*c**3 + 4*c**2 + 5*c + 7. Let w(y) = 6*f(y) - 7*x(y). Determine w(-2).
-3
Suppose -4*f + 15 = -67*r + 48*r, -2*f = r + 3. Let s(y) = y**2 + 1. Let u(t) = 25*t**2 + 35. Let j(k) = -175*s(k) + 5*u(k). Determine j(f).
-50
Suppose -c - 6*d - 12 = 0, 104*d - 103*d - 9 = -2*c. Let k(s) = -s**2 - s + 23. Calculate k(c).
-19
Suppose -3*t = -8*t + 200. Let s(p) = -3*p + 22 + 24 - t. Give s(4).
-6
Suppose -2*i = 8*v - 5*v - 32, 4*i + 2*v - 80 = 0. Suppose 0 = i*s + 9*s. Let h(m) = -2*m**2 - m + 8. Calculate h(s).
8
Let n be 5*8/(-100) + 76/40. Let o(z) be the first derivative of n*z**2 - 11 + 1/3*z**3 + 6*z. Calculate o(-4).
10
Let i(v) = -v + 61. Let l be i(54). Let d(w) = 4*w - 10. Let g(q) = -q + 3. Let c(k) = l*g(k) + 2*d(k). What is c(6)?
7
Suppose 3*y - 5*y = -j - 157, 3*y = -5*j + 203. Let g(r) = -4 - 73*r + y*r + 8. Determine g(-4).
-8
Let v(s) = 2*s**2 + 3*s + 14. Suppose -14*d - 12*d = 3*d + 116. What is v(d)?
34
Let y = 67 - 64. Let v(o) = -3*o**3 - 8*o**2 - 8*o - 4. Let l(d) = -4*d**3 - 9*d**2 - 11*d - 4. Let z(p) = 4*l(p) - 5*v(p). Determine z(y).
1
Let d = -6 - 20. Let i = d + 34. Let p(m) = -41 - 37 + 77 - i*m. What is p(-1)?
7
Let g = 280 - 277. Let m(i) = 45*i**2 + 6*i**3 + 1 - 50*i**2 - 7*i**g + 10*i + 0*i**3. What is m(-7)?
29
Let w(o) = o**3 + 11*o**2 + 13*o + 4. Let y be (0 + (-10)/(-4))/(-6 + 322/56). Give w(y).
-26
Let h(w) = -13*w + 0 + 1 - 5*w - 6*w + 4*w**2 - 69*w + 94*w. Let k(f) = f**3 + 3*f**2 - 5*f - 1. Let a be k(-4). Suppose -2 = a*j - j. Give h(j).
4
Let l(z) = -z**2 - 2*z + 3. Let g = -197 - -221. Let s be (-30)/(-4)*g/36. What is l(s)?
-32
Let f(z) = 2 + 1 + 3 - 6*z - z**2. Let b be -5 + 1 - (-24 + 22). Let c be ((-6)/5)/(b/(-10)). What is f(c)?
6
Suppose -2*o = -0*b + 4*b, -2 = 2*b. Let l(v) = 10*v**2 - 4*v - 16*v**o - 6 + 7*v**2 - v. Calculate l(7).
8
Let k = 5 + -9. Let u(j) be the first derivative of -2*j**3/3 - 3*j - 45603. Determine u(k).
-35
Let w(s) be the third derivative of -2*s**3 - 5/12*s**4 + 5 + 2*s**2 - 1/120*s**6 + 0*s - 3/20*s**5. Calculate w(-8).
4
Let o(k) be the third derivative of 211*k**2 - 1/24*k**4 + 0 + 0*k + 4/3*k**3. Determine o(8).
0
Let d(s) = s**3 - 4*s**2 + s - 1. Let r = -106 + 106. Let t(i) = 26*i - 27*i**2 + 6*i**3 + r - 6*i**3 - 54 - i**3. Let z be t(-28). Calculate d(z).
-7
Let h(g) = -5*g**2 + 28*g + 9. Let a(r) = 3*r**2 - 13*r - 2. Let f(z) = 2*a(z) + h(z). Calculate f(5).
40
Let q = 44 + -43. Suppose -2*c - 3*b = q, 12*c - 17*c + 4*b = -9. Let l(o) = -o. What is l(c)?
-1
Let q(o) be the first derivative of 4*o**2 + 20*o + 1535. What is q(-3)?
-4
Let q(k) be the second derivative of -k**4/12 + k**3/2 + 6*k**2 + k - 232. Calculate q(0).
12
Suppose -11*h + 824 + 30 = 50*h. Let m(r) = -r**3 + 15*r**2 - 14*r + 12. Give m(h).
12
Let z(w) = w - 14. Let a(r) = r - 7. Let k(o) = 2*a(o) - z(o). Let y = -413 - -401. Calculate k(y).
-12
Let s(k) be the third derivative of -k**4/24 + k**3/2 + 21*k**2. Let c(w) = -58*w - 346. Let n be c(-6). Calculate s(n).
1
Let r(w) = -25*w - 13. Let f(q) = -70*q - 40. Let s(c) = -6*f(c) + 17*r(c). Let y(v) = 22*v - 75. Let x(p) = 26*s(p) + 6*y(p). Determine x(-20).
4
Let k(b) = -21*b - 318. Suppose -751 = -148*u - 2971. Give k(u).
-3
Let a be 3 - (-3 - 3/(-1)). Let o(d) = d**3 - 27*d**2 + d - 22. Let g be o(27). Let u(n) = 11*n**3 + 5*n**3 + 1 - 4*n + g*n**2 - 17*n**3. Determine u(a).
7
Let c(x) = 3 - x + 0*x + 0 - x**2. Suppose -10*s = 369 + 1. Let p be s/(-74) - (-2)/(-4). Give c(p).
3
Suppose -351*y + 671*y + 7128 = -472*y. Let t(g) = -8*g - 73. Give t(y).
-1
Let g(t) = -t**2 + 9*t + 4. Suppose -5*b = -b + 2*o - 12, o = -3*b + 9. Suppose 4*n - 55 = -0*n + b*f, 0 = -2*n - 4*f. Determine g(n).
-6
Let x(c) = -c - 52. Let k be (-30)/4 - (1/2)/(-112 + 111). Calculate x(k).
-45
Suppose -4*t - 12 = 0, 3*i - 25*t + 22*t = 72. Let n be -6 - ((-10)/(-15))/((-2)/i). Let f(o) = -12*o**3 - o**2 + o - 1. What is f(n)?
-13
Let z = 152 + -261. Let b = z - -116. Let s(m) = -4*m + 4*m - 5*m - b + 3*m. Calculate s(-6).
5
Let w(t) = t + 2. Suppose -2*s + 4*r = -30 + 338, -580 = 4*s + 4*r. Let k = s - -145. Determine w(k).
-1
Let u(t) be the third derivative of -t**6/120 - 23*t**5/60 + 5*t**3/3 + 5105*t**2. Calculate u(-23).
10
Let d = 4 - 9. Let c(v) = 3*v + 5. Let l(u) = 3*u - 3*u - u + 1 - 4. Let r(x) = d*l(x) - 2*c(x). What is r(6)?
-1
Let y(w) be the third derivative of -w**5/15 + 13*w**4/8 + 15*w**3/2 + 397*w**2. Give y(11).
-10
Suppose 4*y = 3*u - 84 - 10, 5*y + 5 = 0. Let g(b) = 53 + b - 27 - u. What is g(3)?
-1
Let b = 1068 + -1068. Suppose 4*u + 3*y - 5 = 0, -4*u - 8 = -y - 1. Let z(s) = -s. Let p(o) = -o**2 - 5*o - 24. Let g(k) = u*p(k) + 6*z(k). Give g(b).
24
Let c(o) be the first derivative of 3*o**2/2 - 16*o - 1948. Calculate c(0).
-16
Let m = -15 + 16. Let b be m + (3 - 0) + -1. Let d(s) = -2 - 3 + 2 - b*s**2 - s**3 + 0*s - s. Determine d(-3).
0
Let h(b) = b**2 + 16*b + 44. Suppose -2*r = -14*r - 2*r - 98. Give h(r).
-19
Suppose 0 = 2*v - 10, -2*w - w + 5*v - 49 = 0. Let g(c) = -c**2 + c + 65. What is g(w)?
-7
Let m(d) = 8*d - 67. Let f(x) = 7*x - 69. Let b(q) = 3*f(q) - 4*m(q). Let y be b(5). Let w(v) = -v**3 + 5*v**2 + 2*v + 4. Calculate w(y).
-20
Let h(v) = 4*v**2 + 3*v. Let z(l) = -l**3 - 17*l**2 - 12*l - 1. Let r(n) = -9*h(n) - 2*z(n). Let w be -1 + (-5)/((-45)/27). What is r(w)?
4
Let p = -639 + 639. Let c(z) be the third derivative of 0 + 0*z - 10*z**2 - 11/6*z**3 + 1/24*z**4. Calculate c(p).
-11
Let c = 353 - 346. Let x(j) = -j**3 + 6*j**2 - j + 59. Determine x(c).
3
Let n(i) = -2*i**3 + 13*i - 3331*i**2 + 22*i + 9979*i**2 - 3330*i**2 + 45 - 3335*i**2. Determine n(-10).
-5
Let y(x) = x**2 + 4*x - 2. Let q(w) = 2*w**2 - 26*w - 8. Let b be q(0). Give y(b).
30
Let w(b) = -10*b + 2.